{"id":24,"date":"2020-03-21T17:39:28","date_gmt":"2020-03-21T16:39:28","guid":{"rendered":"http:\/\/ordineu.e115840.easyhosting.at\/?page_id=24"},"modified":"2020-03-22T14:24:07","modified_gmt":"2020-03-22T13:24:07","slug":"leistungen","status":"publish","type":"page","link":"https:\/\/schilddruese-noe.at\/?page_id=24","title":{"rendered":"Leistungen"},"content":{"rendered":"\n<h5 class=\"wp-block-heading\"> Unsere Leistungen werden im Rahmen des Wahlarztsystems erbracht <\/h5>\n\n\n\n<p class=\"has-background has-very-light-gray-background-color\"><em>Jede Ordination beinhaltet neben einem ausf\u00fchrlichen Gespr\u00e4ch auch einen Ultraschall der Schilddr\u00fcse, bei Bedarf eine Blutabnahme, sowie einen schriftlichen Befundbericht, der Ihnen per Post zugeschickt wird.<\/em><\/p>\n\n\n\n<h5 class=\"wp-block-heading\">Ultraschall<\/h5>\n\n\n\n<p class=\"has-background has-very-light-gray-background-color\"><em>ist eine Untersuchung zur Feststellung der Gr\u00f6\u00dfe und Struktur Ihrer Schilddr\u00fcse. Unser modernes Ger\u00e4t erlaubt auch die Beurteilung der Durchblutung und eine elastographische Beurteilung der Knoten.<\/em><\/p>\n\n\n\n<h5 class=\"wp-block-heading\">ultraschallgezielte Feinnadelpunktion<\/h5>\n\n\n\n<p class=\"has-background has-very-light-gray-background-color\"><em>wird bei Bedarf durchgef\u00fchrt um Probematerial f\u00fcr eine zytologische Untersuchung zu gewinnen oder eine Zyste zu entlasten.<\/em><\/p>\n","protected":false},"excerpt":{"rendered":"<p>Unsere Leistungen werden im Rahmen des Wahlarztsystems erbracht Jede Ordination beinhaltet neben einem ausf\u00fchrlichen Gespr\u00e4ch auch einen Ultraschall der Schilddr\u00fcse, bei Bedarf eine Blutabnahme, sowie einen schriftlichen Befundbericht, der Ihnen per Post zugeschickt wird. Ultraschall ist eine Untersuchung zur Feststellung<\/p>\n","protected":false},"author":1,"featured_media":0,"parent":0,"menu_order":0,"comment_status":"closed","ping_status":"closed","template":"","meta":{"footnotes":""},"class_list":["post-24","page","type-page","status-publish","hentry"],"_links":{"self":[{"href":"https:\/\/schilddruese-noe.at\/index.php?rest_route=\/wp\/v2\/pages\/24","targetHints":{"allow":["GET"]}}],"collection":[{"href":"https:\/\/schilddruese-noe.at\/index.php?rest_route=\/wp\/v2\/pages"}],"about":[{"href":"https:\/\/schilddruese-noe.at\/index.php?rest_route=\/wp\/v2\/types\/page"}],"author":[{"embeddable":true,"href":"https:\/\/schilddruese-noe.at\/index.php?rest_route=\/wp\/v2\/users\/1"}],"replies":[{"embeddable":true,"href":"https:\/\/schilddruese-noe.at\/index.php?rest_route=%2Fwp%2Fv2%2Fcomments&post=24"}],"version-history":[{"count":4,"href":"https:\/\/schilddruese-noe.at\/index.php?rest_route=\/wp\/v2\/pages\/24\/revisions"}],"predecessor-version":[{"id":112,"href":"https:\/\/schilddruese-noe.at\/index.php?rest_route=\/wp\/v2\/pages\/24\/revisions\/112"}],"wp:attachment":[{"href":"https:\/\/schilddruese-noe.at\/index.php?rest_route=%2Fwp%2Fv2%2Fmedia&parent=24"}],"curies":[{"name":"wp","href":"https:\/\/api.w.org\/{rel}","templated":true}]}}