{"id":53,"date":"2020-03-21T23:19:17","date_gmt":"2020-03-21T22:19:17","guid":{"rendered":"http:\/\/ordineu.e115840.easyhosting.at\/?page_id=53"},"modified":"2020-03-26T17:03:00","modified_gmt":"2020-03-26T16:03:00","slug":"team","status":"publish","type":"page","link":"https:\/\/schilddruese-noe.at\/?page_id=53","title":{"rendered":"Team"},"content":{"rendered":"\n<p class=\"has-text-align-left\">Unser Team ist f\u00fcr Sie da und versucht immer die beste L\u00f6sung f\u00fcr Ihre Problemstellung zu finden.<\/p>\n\n\n\n<figure class=\"wp-block-table aligncenter\"><table class=\"has-subtle-light-gray-background-color has-background\"><tbody><tr><td><a href=\"https:\/\/schilddruese-noe.at\/?page_id=91\"><img loading=\"lazy\" decoding=\"async\" width=\"150\" height=\"200\" class=\"wp-image-100\" style=\"width: 150px;\" src=\"https:\/\/schilddruese-noe.at\/wp-content\/uploads\/2020\/03\/WP.jpg\" alt=\"\" srcset=\"https:\/\/schilddruese-noe.at\/wp-content\/uploads\/2020\/03\/WP.jpg 417w, https:\/\/schilddruese-noe.at\/wp-content\/uploads\/2020\/03\/WP-225x300.jpg 225w\" sizes=\"auto, (max-width: 150px) 100vw, 150px\" \/><\/a><\/td><td><strong><a href=\"https:\/\/schilddruese-noe.at\/?page_id=91\">Dr. Waltraud Pfleger<\/a><\/strong><br>Fach\u00e4rztin f\u00fcr Nuklearmedizin<br><em>beurteilt Sie als ganzes und nicht nur Ihre Schilddr\u00fcse<\/em><\/td><\/tr><tr><td>  <img loading=\"lazy\" decoding=\"async\" width=\"150\" height=\"198\" class=\"wp-image-145\" style=\"width: 150px;\" src=\"https:\/\/schilddruese-noe.at\/wp-content\/uploads\/2020\/03\/Marion1.jpg\" alt=\"\" srcset=\"https:\/\/schilddruese-noe.at\/wp-content\/uploads\/2020\/03\/Marion1.jpg 314w, https:\/\/schilddruese-noe.at\/wp-content\/uploads\/2020\/03\/Marion1-228x300.jpg 228w\" sizes=\"auto, (max-width: 150px) 100vw, 150px\" \/><\/td><td><strong>Marion Aschauer<\/strong><br>Schalter\/Terminvergabe <br><em>Ihr ganzes Herz geh\u00f6rt ihrem Hund, ihrer Familie und nat\u00fcrlich auch Ihnen &#8211; unseren Patientinnen und Patienten<\/em><\/td><\/tr><tr><td><img loading=\"lazy\" decoding=\"async\" width=\"150\" height=\"186\" class=\"wp-image-166\" style=\"width: 150px;\" src=\"https:\/\/schilddruese-noe.at\/wp-content\/uploads\/2020\/03\/IMG_20200325_122229_resized_20200325_122303897.jpg\" alt=\"\" srcset=\"https:\/\/schilddruese-noe.at\/wp-content\/uploads\/2020\/03\/IMG_20200325_122229_resized_20200325_122303897.jpg 929w, https:\/\/schilddruese-noe.at\/wp-content\/uploads\/2020\/03\/IMG_20200325_122229_resized_20200325_122303897-242x300.jpg 242w, https:\/\/schilddruese-noe.at\/wp-content\/uploads\/2020\/03\/IMG_20200325_122229_resized_20200325_122303897-825x1024.jpg 825w, https:\/\/schilddruese-noe.at\/wp-content\/uploads\/2020\/03\/IMG_20200325_122229_resized_20200325_122303897-768x953.jpg 768w\" sizes=\"auto, (max-width: 150px) 100vw, 150px\" \/><\/td><td><strong>Ing. Oskar Scherer<\/strong><br>Webdesign\/Administration und Ehemann,<br><em>ist auch manchmal am Telefon um unsere Marion zu entlasten oder zu vertreten<\/em>.<\/td><\/tr><\/tbody><\/table><\/figure>\n","protected":false},"excerpt":{"rendered":"<p>Unser Team ist f\u00fcr Sie da und versucht immer die beste L\u00f6sung f\u00fcr Ihre Problemstellung zu finden. Dr. Waltraud PflegerFach\u00e4rztin f\u00fcr Nuklearmedizinbeurteilt Sie als ganzes und nicht nur Ihre Schilddr\u00fcse Marion AschauerSchalter\/Terminvergabe Ihr ganzes Herz geh\u00f6rt ihrem Hund, ihrer Familie<\/p>\n","protected":false},"author":1,"featured_media":0,"parent":0,"menu_order":0,"comment_status":"closed","ping_status":"closed","template":"","meta":{"footnotes":""},"class_list":["post-53","page","type-page","status-publish","hentry"],"_links":{"self":[{"href":"https:\/\/schilddruese-noe.at\/index.php?rest_route=\/wp\/v2\/pages\/53","targetHints":{"allow":["GET"]}}],"collection":[{"href":"https:\/\/schilddruese-noe.at\/index.php?rest_route=\/wp\/v2\/pages"}],"about":[{"href":"https:\/\/schilddruese-noe.at\/index.php?rest_route=\/wp\/v2\/types\/page"}],"author":[{"embeddable":true,"href":"https:\/\/schilddruese-noe.at\/index.php?rest_route=\/wp\/v2\/users\/1"}],"replies":[{"embeddable":true,"href":"https:\/\/schilddruese-noe.at\/index.php?rest_route=%2Fwp%2Fv2%2Fcomments&post=53"}],"version-history":[{"count":15,"href":"https:\/\/schilddruese-noe.at\/index.php?rest_route=\/wp\/v2\/pages\/53\/revisions"}],"predecessor-version":[{"id":182,"href":"https:\/\/schilddruese-noe.at\/index.php?rest_route=\/wp\/v2\/pages\/53\/revisions\/182"}],"wp:attachment":[{"href":"https:\/\/schilddruese-noe.at\/index.php?rest_route=%2Fwp%2Fv2%2Fmedia&parent=53"}],"curies":[{"name":"wp","href":"https:\/\/api.w.org\/{rel}","templated":true}]}}